test common factor of v and a.
24
Suppose 62*m + 54*m - 1276 = 0. Calculate the highest common factor of 2354 and m.
11
Suppose -5*n + 13 = 3. Let z(s) = 3*s**3 - 2*s**2 - 2*s + 2. Let h be z(n). Let a = 449 + -393. Calculate the greatest common factor of h and a.
14
Let d(o) = -12*o + 2 + 11*o + 0*o**2 + o**3 + 0*o**2. Let h be d(2). Calculate the highest common factor of 16 and h.
8
Let c(n) be the third derivative of n**6/60 - n**5/20 - n**3/3 + 13*n**2. Let z = 2 - -1. Let f be c(z). What is the greatest common divisor of 5 and f?
5
Let x(f) = -3*f + 88. Let w be x(21). Calculate the greatest common divisor of 375 and w.
25
Let c(w) = 2*w**2 + 9*w + 2. Let x(m) = m**2 + 5*m. Let v(f) = 2*c(f) - 5*x(f). Let i be v(-3). Calculate the highest common divisor of 144 and i.
16
Let h(a) = -a. Let j be h(-3). Let n(u) = -2 - 4*u + 4 + 1758*u**3 - 1759*u**3 + 6*u**2. Let x be n(j). Calculate the greatest common divisor of 17 and x.
17
Suppose -6*l = -11*l - 5, 0 = 2*j + 4*l - 2. Let u be (-36)/(-45) - 442/(-10) - j. What is the highest common factor of u and 462?
42
Let l be (-22 - -12)*(-2)/5. Suppose -525 = u - l*u. Let z = 64 + -39. Calculate the highest common factor of u and z.
25
Suppose -11*b = -104 - 160. What is the highest common factor of b and 20?
4
Let a be (-6 + 1)/(-5) - (-26)/2. What is the greatest common factor of 126 and a?
14
Suppose 5*g + q - 20 = 0, 9 = 3*g - 4*q - 26. What is the greatest common factor of 215 and g?
5
Suppose -5*y = z - 56, 4*y - y = 4*z + 52. What is the highest common factor of 16 and y?
4
Let u = -21 - 6. Let p be 4/18 + (-291)/u. What is the greatest common divisor of p and 77?
11
Suppose 20*n + 1680 = 9240. Calculate the greatest common factor of n and 108.
54
Suppose 3*j - 225 = -3*w, -5*j = -w - 0*w + 87. Let n be 23 - (3/4 - w/44). Suppose -h + 7 = -9. Calculate the highest common factor of n and h.
8
Suppose -12 + 1377 = 21*j. Calculate the greatest common factor of j and 15.
5
Let x be 6 + (-6 - -2) + 2. Suppose 3*n - 10 = n. Suppose -g + n = -2*h - 41, 0 = -4*g + h + 177. What is the greatest common divisor of x and g?
4
Suppose -5*s - 3*c + c - 22 = 0, 5*c = -5. Let f(t) = -9*t - 20. Let v be f(s). What is the highest common factor of 272 and v?
16
Suppose -2*z + 2*u = -2, 4*z - u = -0*z + 19. Suppose -24 = -z*b + 4*b. What is the highest common divisor of b and 30?
6
Let n(b) = b**2 - 44*b + 43. Let k be n(-21). Calculate the greatest common factor of k and 88.
88
Let d = 138 + -116. Suppose q = -2*x + 2*q + 4, 5*q = 2*x - 4. What is the highest common factor of x and d?
2
Let x = 1213 - 979. What is the highest common divisor of x and 90?
18
Suppose 5*t - 2*p = -2, 3*t + 1 = -5*p + 6. Suppose 4*u - 2 - 10 = t. Calculate the greatest common factor of u and 3.
3
Let c(x) = x**2 + 4*x - 12. Let j be c(-7). Calculate the greatest common factor of 3 and j.
3
Let r = -38 - -57. Let j(l) = 2*l**2 + 9*l + 10. Let d be j(7). Calculate the greatest common factor of d and r.
19
Let k(p) = p**2 - 13*p - 58. Let u be k(17). Suppose 0*b + 5500 = 5*b. Suppose -b = -u*x + 5*x. Calculate the highest common factor of x and 20.
20
Suppose 0 = 3*z - 2*z - 5*v + 20, 4*v = 16. Suppose 0 = -2*p + 3*p - 5*h - 52, z = 4*p - 3*h - 276. What is the greatest common factor of 27 and p?
9
Suppose a + 4*a - 80 = 0. Let y(q) = -4*q - 4. Let c be y(-2). What is the greatest common divisor of c and a?
4
Suppose 0 = 4*s + 2*h - 2130, 2*h - 7*h - 5 = 0. Suppose 0 = -3*f - z + s, f - 184 = 3*z - 23. Calculate the highest common factor of 16 and f.
16
Let h(l) = 140*l**2 - 11*l + 12. Let r be h(2). What is the highest common divisor of 22 and r?
22
Suppose 67 = 2*j + d, 2*j = -3*d + 5*d + 70. Let l = 11 + j. What is the greatest common factor of l and 15?
15
Suppose -340 = 612*g - 614*g. What is the highest common factor of 20 and g?
10
Let b be (-310)/4 - 13/26. Let t = 161 + b. Let y = t - 47. What is the highest common factor of 9 and y?
9
Let w(d) = -d**3 + d**2 - d + 112. Let q be w(0). Let n = -288 - -444. Let x be (-36)/(-90) + n/10. What is the greatest common factor of q and x?
16
Suppose -2*h - 5*t + 24 = 0, t + 4*t - 14 = 3*h. Let s be -4*(-3)/(-6) + h. Suppose x - 23 - 1 = s. What is the greatest common factor of 3 and x?
3
Let h = 415 - 385. Calculate the greatest common factor of 18 and h.
6
Let m = 11 + -11. Let u be 2 - 4 - (0 - m). Let n(c) = -4*c - 3. Let o be n(u). What is the greatest common divisor of o and 55?
5
Suppose 28 = 2*n + g - 3*g, -5*n - 5*g + 90 = 0. Suppose -2*f - 2*t = -350, -2*f - 5*t + 69 = -278. Calculate the highest common divisor of n and f.
16
Let o(m) = -m**2 - 28*m + 12. Let q be o(-6). What is the highest common factor of 18 and q?
18
Suppose -9*p = 87 - 123. Let j(b) = -b**2 - 2*b. Let a be j(-2). Suppose w + p*y - 3 = 0, a*y - 47 = -5*w - 4*y. What is the greatest common factor of 1 and w?
1
Suppose 4*r = 6*r - 2*z - 1016, 2*r + 5*z = 995. What is the greatest common factor of 707 and r?
101
Let b be 583/(((-21)/(-3))/7). What is the greatest common divisor of b and 53?
53
Suppose -2*h + 4*z - 304 = 0, -z = -2*h + 6*h + 626. Let f be 4/((-16)/h) - 1. Let i = 14 + f. What is the greatest common divisor of i and 26?
26
Suppose z = -2*t + 4*t, 0 = -3*z - 5*t + 33. Suppose -4*r = -3*l - 150, -r - 184 = -z*r + 2*l. What is the highest common divisor of 9 and r?
9
Let m be (-2)/((-6)/(-99)*27/(-72)). Calculate the highest common factor of m and 55.
11
Suppose 3*u = 2*u + 6. Suppose -h + u = h. Let s be 8 + -5 + 3/1. Calculate the highest common divisor of s and h.
3
Let m(w) = 0*w**3 + 0*w + 4*w**3 - 4 - 5*w + w**2 + 9*w. Let r be m(3). Let l = 47 + -22. Calculate the highest common factor of l and r.
25
Let u = 56 - -73. Let p be (-14)/(-70) - u/(-5). What is the highest common divisor of p and 26?
26
Let s(q) = q**3 + 6*q**2 - 9*q - 5. Let p be s(-7). Suppose o + 14 - 10 = -2*k, -2*o + 4*k = -32. Calculate the greatest common factor of p and o.
3
Suppose 35*f - 52 - 18 = 0. Calculate the greatest common divisor of f and 11.
1
Suppose -87 = -97*u + 94*u. Calculate the highest common divisor of 29 and u.
29
Suppose -323*v + 326*v = 672. Calculate the highest common factor of 24 and v.
8
Let x = -25 + 29. Let a(n) = n**2 + n - 3. Let h be a(-3). Let b be h/(-3) - (5 + -38). What is the highest common divisor of x and b?
4
Suppose -12*g = -34*g + 528. Calculate the greatest common factor of g and 84.
12
Let g(a) = -a + 17. Let m be g(8). Let k(u) = 6*u - 28. Let i be k(18). Suppose m*f - 14*f = -i. What is the highest common factor of 24 and f?
8
Suppose u - 4*s + 2*s - 104 = 0, -u + 96 = -4*s. What is the highest common factor of 98 and u?
14
Let l(j) = -151*j + 9. Let y be l(-1). Calculate the highest common divisor of y and 30.
10
Suppose 0 = 2*x - 5*p - 33, 5*x - 2*x + 2*p - 21 = 0. Suppose 1256 = 19*w - 283. Calculate the greatest common factor of x and w.
9
Let x = 1 + 5. Let r(t) = -3*t + 6. Let z(v) = -v + 1. Let c(y) = -r(y) - 6*z(y). Let g be c(x). What is the highest common divisor of g and 14?
14
Suppose 0 = 59*u - 145 - 445. What is the greatest common factor of 6 and u?
2
Let p(o) = 23*o + 177. Let q be p(30). What is the highest common factor of 51 and q?
51
Suppose -210 - 846 = -24*f. Suppose 0 = 7*y - 2*y - 20. What is the greatest common factor of y and f?
4
Let q(p) = p**3 + 6*p**2 - 8*p - 8. Let r be q(-6). Calculate the highest common factor of 40 and r.
40
Let c = -58 - -84. Suppose c = -5*l + 21. Let w = 1 - l. What is the highest common factor of w and 10?
2
Let c = 14 + -36. Let l = c - -53. Calculate the highest common factor of l and 124.
31
Let w be (81/12)/((5 - 2)/36). Calculate the highest common factor of 513 and w.
27
Suppose -12 = -5*u + u, -5*w = -5*u - 3630. Calculate the greatest common factor of w and 9.
9
Suppose -4*l + 13 + 15 = 0. Let c(a) = l*a**2 - 2*a + 20*a**2 - a. Let y be c(2). Calculate the greatest common divisor of y and 68.
34
Let m be 28*1 - (-1 + 3). What is the greatest common divisor of 117 and m?
13
Suppose -2*p = -0*p + c - 8, 0 = -2*c. Suppose 4*s - p*t + 9 = 693, 694 = 4*s - 2*t. Calculate the greatest common factor of s and 11.
11
Let b be 156/10 + (-20)/(-50). Let w(s) = -s**3 + 5*s**2 - 3*s. Let q be w(4). Suppose -q*t + 0*t + 704